e prime factors of w.
23
Suppose 108 = -o + 3*o. Suppose 2*d - 5*d - 242 = m, -5*m = -d - o. Let f = -51 - d. List the prime factors of f.
2, 7
Let s = 301 + -204. Let a be (-2 - -2 - 1)*-5. Suppose 29 = 3*x + 5*h, 3*x + x = a*h + s. List the prime factors of x.
2, 3
Suppose -2*o + 46 = -5*x, -7*o + 11*o - 4*x - 80 = 0. Suppose -108 - o = -6*f. What are the prime factors of f?
3, 7
Let t(q) be the second derivative of -q**3/6 + 5*q**2/2 - q. Let v = -169 - -163. List the prime factors of t(v).
11
Suppose -9*b = -15646 - 20030. List the prime factors of b.
2, 991
Suppose -4*s + 12 = 5*o, 3*o - 4*s + 18 = 6. Suppose -3*g - 15 = -o. Let x(i) = 2*i**2 + 6*i + 4. List the prime factors of x(g).
2, 3
Let l(q) = -q**3 + 2*q - 2. Suppose 2*t + i = -9, -3*i - i = 3*t + 16. Let y be l(t). Suppose s - y + 23 = 0. List the prime factors of s.
31
Suppose -9*w + 12 = -15. Suppose w*r = -3*r. Suppose -8*f + f + 98 = r. List the prime factors of f.
2, 7
Suppose -d - 17 = 3*w, -5*d + w = 54 + 63. List the prime factors of d/(69/1530)*(-4)/10.
2, 3, 17
Let v = -20 - -43. Suppose -3*p + v + 19 = 0. Suppose 16 = 2*q - g, p = -0*q + 2*q - 2*g. List the prime factors of q.
3
Suppose -10 - 88 = 7*u. Let n = u - -64. What are the prime factors of n?
2, 5
Let x = 266 + -70. What are the prime factors of x?
2, 7
List the prime factors of 68958/54 + 2*(-7)/2.
2, 5, 127
Let g be (288 - -2)/((-6)/6). List the prime factors of (g/(-25))/(4/10).
29
Let z(x) = -560*x + 85. List the prime factors of z(-1).
3, 5, 43
Let c be (-897)/(-5) + 3/5. Let h = c + -105. List the prime factors of h.
3, 5
Let d be (-8)/14 + 3/63*-35331. List the prime factors of ((-8)/(-6))/(11/(d/(-2))).
2, 3, 17
Let u be 2355/20 + (-6)/8. Let m be 14768/u - 4/18. Suppose -3*p + 168 = 4*o, 3*o = 2*p + o - m. What are the prime factors of p?
2, 3, 5
List the prime factors of (-18352)/(-10) + 1935/1075.
11, 167
Let z = -20 + 24. What are the prime factors of ((-472)/8)/((-2)/z)?
2, 59
Suppose 0 = -6*p + p + 15. Suppose -i + p*h + 6 = -0*h, 36 = 3*i - 3*h. Suppose -2*m - l + 23 = 0, 5*l - 2*l + i = 0. What are the prime factors of m?
2, 7
Let z = -75 - -40. What are the prime factors of (1 + -3 + z)*(-28 + 21)?
7, 37
List the prime factors of 4 - (-495 - 9/(-1)).
2, 5, 7
What are the prime factors of 0 + (-81522)/(-16) - 88/704?
5, 1019
Suppose a = -5*w + 4565, 5*w + 3*a - 2610 = 1945. What are the prime factors of w?
2, 457
Let l(o) = 2*o**3 + o**2 - o. Let m be l(1). What are the prime factors of (44/(-33))/(m/(-84))?
2, 7
Let m(s) = s**3 - 11*s**2 + 12*s + 7. Let u be m(10). What are the prime factors of 9/(u/(-4))*(-135)/2?
2, 3, 5
Suppose 26*r - 30*r = -3324. Let i = r + -589. List the prime factors of i.
2, 11
Let l(r) = 20 + 0*r - 10*r - 19 - 5. What are the prime factors of l(-9)?
2, 43
Let u = -25 - -29. Suppose -72 = -z + u*k, 0*k = 3*z + k - 203. Suppose 46 = 2*s - z. What are the prime factors of s?
3, 19
Let o(y) = 4*y - 11. Let j = -21 + 34. List the prime factors of o(j).
41
Let h(w) = -w**3 + 8*w**2 - 8*w + 7. Let d be h(7). Suppose -3*g - 3*f = 30, d = 2*g + 3*f + f + 26. Let a = g + 12. What are the prime factors of a?
5
Let t = 37 + -34. Suppose 0 = 5*s + 4*z - 230, 7*z - 4*z = -t*s + 138. List the prime factors of s.
2, 23
Let k(a) = 12*a**2 + a + 1. Let b(d) = d + 7. Suppose -3*v - 25 = -1. Let u be b(v). What are the prime factors of k(u)?
2, 3
Suppose -4*i - 40 = 4. Let h(k) = k**3 + 10*k**2 - 30*k + 15. What are the prime factors of h(i)?
2, 7
Suppose 5*t = -3*w + 2088, -t + 6*w - w + 440 = 0. What are the prime factors of t?
2, 3, 5, 7
Let w be (2 + -1)/((-12)/(-252)). Suppose -w = -3*u + 2*x, -u + 4*x = 3*u - 32. What are the prime factors of u?
5
Let j = 32 - 30. Suppose -1428 = j*q - 9*q. List the prime factors of q.
2, 3, 17
What are the prime factors of (0 - -653)*(-2 - (-12)/4)?
653
Let i(k) = 33*k + 26. Let d be i(13). List the prime factors of (-18)/5*d/(-26).
3, 7
Suppose -5198 + 49028 = 10*o. What are the prime factors of o?
3, 487
Let n = -836 + 1480. What are the prime factors of n?
2, 7, 23
Let k = 50 + -47. Suppose 0*r + 2*o + 179 = 5*r, 114 = k*r + o. What are the prime factors of r?
37
Let p = 7 + -21. Let v = p + 33. Let b = v - 3. What are the prime factors of b?
2
Suppose 38*k - 5*y = 37*k + 2669, -5*k + 13389 = -3*y. What are the prime factors of k?
3, 19, 47
Let x(l) = 45*l - 59. Let n be x(19). Suppose 0 = 5*p - n - 669. List the prime factors of p.
293
What are the prime factors of 650 + -1 + 5 + -3 + 2?
653
Suppose -2*x = -5*x - l + 7, -8 = -4*x - l. List the prime factors of 7/(x/(56/4)).
2, 7
Suppose -5 = 5*k - 10*k. Suppose -g = 1, -2*j - k = g + 6. What are the prime factors of 1/j + (-935)/(-15)?
2, 31
Let m(k) = 5*k**2 - 45*k - 20. List the prime factors of m(16).
2, 3, 5
Let b(n) = 4*n**2 - 1. Suppose -2*q + 6*q = 4. Let h be b(q). Suppose 5*v - o + h*o - 248 = 0, 2*o = 3*v - 152. What are the prime factors of v?
2, 5
Let b(w) = w**2 - 10*w + 2. Let i be b(10). Suppose 2*r - 3 = u + 15, 4*u = i*r - 24. What are the prime factors of r?
2
Let u(h) = h**3 - 14*h**2 + 2*h - 11. Let m be u(14). Suppose m*r = 22*r. Suppose 5*b - 5 = -5*y, r = -0*b + b + 2*y. List the prime factors of b.
2
Let u be (-18)/(-4)*(1 + 2/(-6)). Suppose -u*j = -4*s - 656, -2*j = -4*j + 2*s + 434. List the prime factors of j.
2, 53
Suppose -1514 = -3*c - 5*z, 722 - 217 = c + 2*z. List the prime factors of c.
503
Let p(d) = 5*d - 4*d - 4*d + 4 + 4*d. List the prime factors of p(8).
2, 3
Let f(w) = 28*w + 236. List the prime factors of f(26).
2, 241
Let u(s) be the first derivative of -s**4/4 - 13*s**3/3 + 3*s**2 + 20*s - 7. Let f be u(-14). List the prime factors of ((-6)/(-8))/(3/f).
3, 11
Suppose 12 = 4*x + 3*k - 16, 0 = -k + 4. Suppose -x*n + 296 = -0*n. What are the prime factors of n?
2, 37
Let d(o) = 20*o + 180. What are the prime factors of d(11)?
2, 5
Let q(r) be the third derivative of -13*r**4/24 + 7*r**3/6 + 2*r**2. Let t be q(5). What are the prime factors of t/(-3) - (-10)/15?
2, 5
Suppose 0 = 5*a + 4*n - 4745, -3*a + 22*n + 2855 = 26*n. What are the prime factors of a?
3, 5, 7
Let p(s) = -s + 13. Let v be p(11). Suppose -v*b + 378 - 66 = 0. List the prime factors of b.
2, 3, 13
Let o = 8055 - 5203. List the prime factors of o.
2, 23, 31
Suppose -8 + 77 = 2*t - 5*n, -4*n - 86 = -3*t. What are the prime factors of 181*14/t + (-4)/22?
5, 23
Let u(a) = 3*a + 454. Let i be u(0). Suppose -2*h = -4*t + i, -5*t - 2*h - h = -551. List the prime factors of t.
2, 7
Let x(m) = 87*m - 13. What are the prime factors of x(7)?
2, 149
Suppose -7*a + 27 = 2*a. Suppose 0 = s + 4*j - 57, -a*s + 216 = s + 4*j. What are the prime factors of s?
53
Let t(r) = 9*r**2 - 17*r - 46. What are the prime factors of t(-4)?
2, 83
Let o be (-1)/(-2)*(162 - -6). Let w = o - 22. List the prime factors of w.
2, 31
Suppose 20 = 5*u + r, -2*u - 8 = -4*u + 2*r. Suppose 0 = -u*w + w + 9. Suppose -2*y + 1 = -w. What are the prime factors of y?
2
What are the prime factors of (-380)/(-7) + (-15)/(-21)?
5, 11
Suppose 7*a - 8*a - 1024 = -3*c, 0 = -4*c - 3*a + 1361. List the prime factors of c.
11, 31
Suppose -16*n + 25688 - 3688 = 0. List the prime factors of n.
5, 11
Suppose -3*c + 3*q + 69 = 0, -6*q + 3*q - 125 = -5*c. What are the prime factors of c?
2, 7
Let a = -151 - -119. List the prime factors of (280/(-6))/(a/144).
2, 3, 5, 7
Let x = -995 - -2594. List the prime factors of x.
3, 13, 41
Let u(k) = -6*k - 1. Let d = 38 + -41. What are the prime factors of u(d)?
17
Suppose -4*o = -o + 3. Let p be (-2763)/(-18) - o/(-2). Let j = -103 + p. What are the prime factors of j?
2, 5
List the prime factors of (8/12)/(12/1098).
61
Suppose 2*r = r - 2*s + 10, 5*r + 2*s - 50 = 0. Let h(c) = c**2 - 2*c. Let q be h(3). Suppose -r - 35 = -q*d. List the prime factors of d.
3, 5
Let k(y) = y**2 - 2. Let i be k(7). Suppose 0 = 3*f + 5*q - 31, 4*f - 3*q - i = -4*q. What are the prime factors of (-2)/((-4)/5)*f?
2, 3, 5
Let a = -9534 + 13594. List the prime factors of a.
2, 5, 7, 29
Suppose -5*m + 1933 = w, 3*w - 9246 = 4*m - 3485. List the prime factors of w.
3, 641
Let c = -7 - -7. Suppose 4*h = -c*h + 124. What are the prime factors of h?
31
Suppose -18532 = -12*a + 1760. List the prime factors of a.
19, 89
Let u(n) = 